ctors of w?
5, 7
Let l(p) = -29*p - 8. Let i be l(-9). Let f = i - 17. List the prime factors of f.
2, 59
Let d = -31 - -88. Let y = d + -53. Suppose -198 = 2*o - y*o. What are the prime factors of o?
3, 11
Suppose -32528*d + 202132 = -32500*d. What are the prime factors of d?
7219
Let w(n) = 28033*n - 628. What are the prime factors of w(1)?
3, 5, 7, 29
Let b(t) = -4*t**3 + t**2 + t + 2. Let q be b(-2). Let h = q + -48. What are the prime factors of (-6)/h - (-585)/6?
2, 7
Suppose 0 = 3*y + 4*b + 2689, 2*b - 13 = -3. Let x = y + 1411. What are the prime factors of x?
2, 127
Let s be (4/(-4) - 13)/(-2). Let q = 16 - s. Suppose -3*a + 12 = -5*n - 25, q = -4*a - 5*n. What are the prime factors of a?
2
Let w(k) = 868*k - 2729. What are the prime factors of w(21)?
11, 1409
Let q be (-9 + 6)/3*-2. Let o be 2/(1/1950*4). Suppose -3*h + o - 278 = q*w, 5*h - 1155 = -2*w. List the prime factors of h.
229
Suppose 5 = -2*a - 3*d + 18, 60 = 5*a + 2*d. Suppose 0 = 5*g - 1 - a. Suppose 4*p = 4*r - 186 + 34, 0 = -2*r - g*p + 101. List the prime factors of r.
43
What are the prime factors of (-28)/(-6)*(-159)/106 + 505?
2, 3, 83
Suppose 4996*y + 1265985 = 5031*y. List the prime factors of y.
3, 4019
Suppose -626262 = -131*i + 57*i. List the prime factors of i.
3, 7, 13, 31
Let d be (-492)/9*18/(-96)*4. Suppose 19360 = -9*b + d*b. What are the prime factors of b?
5, 11
Let r(c) be the first derivative of -3/2*c**2 - 7 + 4/3*c**3 - 2*c. List the prime factors of r(3).
5
Let i(f) = 3*f**2 - 17. Let q(l) = -5*l**2 + 26. Let m(s) = -8*i(s) - 5*q(s). Let v = -596 + 606. What are the prime factors of m(v)?
2, 53
List the prime factors of 2/(149526/(-74766) - -2).
2, 17, 733
Let a = -10869 + 47812. List the prime factors of a.
36943
Suppose -4*a - 3*g - 5445 = -9*a, 0 = -a + 5*g + 1089. Suppose -5*m = -a - 456. What are the prime factors of m?
3, 103
Let z(d) be the second derivative of 7*d**4/12 + 2*d**3/3 + 34*d**2 + 132*d. What are the prime factors of z(-7)?
383
Suppose -4*a = 5*x + 66, -2*a + 4*a = -3*x - 40. Let z(i) = -i**3 - 12*i**2 - 13*i - 35. List the prime factors of z(x).
7, 11
Let r(x) = 7*x**2 - 7*x - 89. Let l be r(-8). Let t = -212 + l. List the prime factors of t.
7, 29
Let r be 14 - (10 - (-30)/(-6)). Suppose r*g + 140 = -g. What are the prime factors of 39/91 + (-582)/g?
2, 3, 7
Suppose 38*h + 743963 = 2203049. What are the prime factors of h?
3, 12799
Let y(t) = -2*t**3 - 10*t**2 + 79*t - 115. List the prime factors of y(-16).
4253
Suppose 4*r = -5*j + 315, 12*j = -2*r + 7*j + 165. Suppose -2*c = -3*o + 4476, -4*c + 4419 = 3*o - r. What are the prime factors of o?
2, 3, 83
Suppose 203*m - 8 = 198*m - b, 2*b + 4 = 0. Suppose -3*l = 2*t + 2, 11 = -2*l - 2*l - t. What are the prime factors of 2 - -96 - (m + 0 + l)?
2, 5
Let r be (-69)/(-23)*(34/6 - 1). List the prime factors of ((-486)/(-4))/(7/r).
3
Suppose 5*g + 4*y + 34 = 107, 2*g + 4*y - 22 = 0. Suppose -g*q + 104 = -15*q + 2*r, 5*q = r + 260. What are the prime factors of q?
2, 13
Suppose -54*t = -17*t - 101676. What are the prime factors of t?
2, 3, 229
Let s(k) = k**2 - 7*k + 75. Let t be (-2)/19 + 477/19 + -5. What are the prime factors of s(t)?
5, 67
Let g be -1*2 + (-5)/(5/(-161)). Suppose -5*o - h = 663, -o + 36 - g = -3*h. What are the prime factors of (o/(-7))/((-4)/(-28))?
2, 3, 11
Suppose -15*d + 18*d - 36 = 0. Let g be (d/(-10))/(1/5)*2. What are the prime factors of g/((-1 + -4)/55)?
2, 3, 11
Let k = -2760 - -10205. List the prime factors of k.
5, 1489
Let r(p) = 14*p + 1 - 3 - 12*p + 70. List the prime factors of r(-18).
2
Let s(o) = -o**3 - 7*o**2 - 2*o - 19. Let m be s(-6). Let n = -38 - m. Suppose -n*q - 242 = -k - 1582, -2*q = -3*k - 549. What are the prime factors of q?
3, 89
What are the prime factors of ((-5 - -6) + 30134)/(23 + -22)?
3, 5, 7, 41
Let y be (-8 - -12)/(((-1)/2)/1). Let m(k) = 7*k**2 - 3*k - 96. List the prime factors of m(y).
2, 47
Let q(h) = -h**3 + 12*h**2 - 10*h - 6. Let p be q(11). List the prime factors of -2 - (-5)/(p/394).
2, 7
Suppose n = 4*o - 23493, -18076 = -3*o - 2*n - 459. List the prime factors of o.
7, 839
Let n be (-77)/(-15) + (-7)/((-1260)/(-24)). Suppose -4*p = 5*c - 1392, p - 256 - 92 = -n*c. What are the prime factors of p?
2, 3, 29
Let z(x) = 144*x**3 + 4*x**2 - 19*x + 40. What are the prime factors of z(3)?
3907
Suppose -6*x + 10977 = -37947. Suppose 16*k - x = 9126. What are the prime factors of k?
2, 3, 5
Let d = 875 + -147. Suppose -3320 + d = -6*q. What are the prime factors of q?
2, 3
Let m(t) = -15740*t**3 + 4*t**2 + 23*t + 20. What are the prime factors of m(-1)?
3, 11, 53
Let k(h) be the first derivative of h**4/4 + 41*h**3/3 - 43*h**2/2 + 47*h - 138. What are the prime factors of k(-42)?
89
Let c = -42 - -58. Suppose -4*b + 12 + c = 0. Suppose -b*t + 48 = 6. What are the prime factors of t?
2, 3
Let z(t) = -42*t - 8. Let l be 2 + (-5 - (-3 + 4)). What are the prime factors of z(l)?
2, 5
Suppose -2*l + 961 = 2*i + 69, -3*i + 1373 = -2*l. What are the prime factors of i?
3, 151
Let v(s) be the first derivative of 2*s**3 - s - 4. Let z be v(1). Suppose 300 = -2*l + z*l. List the prime factors of l.
2, 5
Suppose 4*i = -229*c + 231*c - 13366, 0 = -2*c - 5*i + 13348. What are the prime factors of c?
6679
Suppose 2*h + 6 = 0, -437 = -3*a + 3*h + 160. Suppose 198*i - a*i - 1076 = 0. List the prime factors of i.
2, 269
Let b(n) = 88*n - 40. Let s be b(5). Suppose -s = -a - 12. What are the prime factors of a?
2, 97
Let u(n) = -n**2 - 9*n + 116. Let o be u(7). Suppose -2*l - 99 = -o*m - 1229, -2*l - 2*m = -1112. What are the prime factors of l?
13, 43
Let u be -1 + (976 - 6) + 5. Let v = u - 532. What are the prime factors of v?
2, 13, 17
Let v(h) = 1. Let o(a) = -26*a + 23. Let g(s) = -o(s) + 6*v(s). Let j(r) = -r**3 - 43*r**2 + 3. Let b be j(-43). What are the prime factors of g(b)?
61
Let v(t) = -t**2 - 25*t + 10. Suppose -228 = 50*g - 54*g. Suppose -4*b - 19 = g. What are the prime factors of v(b)?
2, 31
Suppose 218431 + 226625 = 192*j. What are the prime factors of j?
2, 19, 61
What are the prime factors of 140/35*15434/8?
7717
Let d = 266 - 160. Suppose 0*m - d = -2*m. Let y = m - -36. What are the prime factors of y?
89
Let p be 5*(1 + 0*(-2)/4). List the prime factors of (-2)/(-1) + 0 + 1300/p.
2, 131
Let r = -29 + 29. Suppose r = -m + 7*m - 18. Suppose 5*k - 6*c = -m*c + 679, 4*k + 5*c - 558 = 0. List the prime factors of k.
137
Let q(n) = 4321*n**2 - 25*n - 26. List the prime factors of q(-1).
2, 3, 5
Suppose 8*m + 38636 = m + 20*m. What are the prime factors of m?
2, 743
Let f = 7422 + -2088. List the prime factors of f.
2, 3, 7, 127
Let k be 30930/18 + 4/6. Let j = -462 + k. Suppose 486 = 2*f - 5*y, 0 = -5*f - 0*f + 2*y + j. What are the prime factors of f?
11, 23
Suppose -50*v + v + 420420 = 0. What are the prime factors of v?
2, 3, 5, 11, 13
Let t(f) = -f**2 - 3*f + 20. Let c be t(3). Suppose -5*s - 2132 = v, -5*s + 556 = -c*v + 2697. Let i = -156 - s. List the prime factors of i.
271
Suppose 0 = 17*j - 25 - 60. Suppose -8*u = j*s - 4*u - 1815, u = 4*s - 1473. List the prime factors of s.
367
Let x(a) = -a**3 + 18*a**2 - 34*a + 4. Let v be x(14). Let h = 14 - 6. Suppose h*b = 936 + v. List the prime factors of b.
2, 3, 13
Let f(c) be the second derivative of -c**3/6 - 15*c**2/2 - 12*c. Let u be f(-8). Let y(o) = -o**3 - 4*o**2 + 11*o + 4. List the prime factors of y(u).
2, 37
Let d = -69 + 62. List the prime factors of -6*(363/(-9) - d).
2, 5
Let o = 28137 + -12289. What are the prime factors of o?
2, 7, 283
Let b = 15 + -22. Let y be 0 - 13 - (7 + b - -2). What are the prime factors of 1/((-6)/44)*(12 + y)?
2, 11
Suppose 0 = -2*q + 5*z + 26, 4*q + 0 = -2*z + 4. Suppose -q*m = -0*m + 21. Let s = m - -24. List the prime factors of s.
17
Let w be (-1)/(-4 - 63/(-14)). Suppose r = -0*r - 18. List the prime factors of 1/w - 189/r.
2, 5
Let p be 19/5 - 54/(-45). Suppose -2*g - 4 = 0, -19*o - p*g = -22*o + 1855. What are the prime factors of o?
3, 5, 41
Let p = -6884 - -13898. List the prime factors of p.
2, 3, 7, 167
Let j = -114299 + 163670. List the prime factors of j.
3, 7, 2351
Let m(i) = i**3 + 5*i - 3. Let l be m(3). Let y = 42 - l. Suppose -41 = -y*a - 4*p + 159, -4*a + 262 = 3*p. What are the prime factors of a?
2
Le